{"id":11,"date":"2018-02-23T08:48:23","date_gmt":"2018-02-23T11:48:23","guid":{"rendered":"http:\/\/200.164.238.180\/cms\/?page_id=11"},"modified":"2018-12-18T14:21:04","modified_gmt":"2018-12-18T16:21:04","slug":"apresentacao","status":"publish","type":"page","link":"https:\/\/paracambi.rj.gov.br\/cms\/apresentacao\/","title":{"rendered":"APRESENTA\u00c7\u00c3O"},"content":{"rendered":"<p style=\"text-align: justify;\">O <strong>Conselho Municipal de Sa\u00fade<\/strong> (CMS) inst\u00e2ncia m\u00e1xima de delibera\u00e7\u00e3o do Sistema \u00danico de Sa\u00fade \u2013 SUS &#8211; de car\u00e1ter permanente e deliberativo, tem como miss\u00e3o a delibera\u00e7\u00e3o, fiscaliza\u00e7\u00e3o, acompanhamento e monitoramento das pol\u00edticas p\u00fablicas de sa\u00fade.<\/p>\n<p style=\"text-align: justify;\">O CMS \u00e9 um \u00f3rg\u00e3o vinculado ao Minist\u00e9rio da Sa\u00fade composto por representantes de entidades e movimentos representativos de usu\u00e1rios, entidades representativas de trabalhadores da \u00e1rea da sa\u00fade, governo e prestadores de servi\u00e7os de sa\u00fade, sendo o seu Presidente eleito entre os membros do Conselho.<\/p>\n<p style=\"text-align: justify;\">\u00c9 compet\u00eancia do Conselho, dentre outras, aprovar o or\u00e7amento da sa\u00fade assim como, acompanhar a sua execu\u00e7\u00e3o or\u00e7ament\u00e1ria. Tamb\u00e9m cabe ao pleno do CMS a responsabilidade de aprovar a cada quatro anos o Plano Municipal de Sa\u00fade.<\/p>\n","protected":false},"excerpt":{"rendered":"<p>O Conselho Municipal de Sa\u00fade (CMS) inst\u00e2ncia m\u00e1xima de delibera\u00e7\u00e3o do Sistema \u00danico de Sa\u00fade \u2013 SUS &#8211; de car\u00e1ter<\/p>\n","protected":false},"author":1,"featured_media":0,"parent":0,"menu_order":0,"comment_status":"closed","ping_status":"closed","template":"","meta":{"colormag_page_container_layout":"default_layout","colormag_page_sidebar_layout":"default_layout","footnotes":""},"class_list":["post-11","page","type-page","status-publish","hentry"],"jetpack_sharing_enabled":true,"jetpack_shortlink":"https:\/\/wp.me\/PapbWU-b","jetpack-related-posts":[],"_links":{"self":[{"href":"https:\/\/paracambi.rj.gov.br\/cms\/wp-json\/wp\/v2\/pages\/11","targetHints":{"allow":["GET"]}}],"collection":[{"href":"https:\/\/paracambi.rj.gov.br\/cms\/wp-json\/wp\/v2\/pages"}],"about":[{"href":"https:\/\/paracambi.rj.gov.br\/cms\/wp-json\/wp\/v2\/types\/page"}],"author":[{"embeddable":true,"href":"https:\/\/paracambi.rj.gov.br\/cms\/wp-json\/wp\/v2\/users\/1"}],"replies":[{"embeddable":true,"href":"https:\/\/paracambi.rj.gov.br\/cms\/wp-json\/wp\/v2\/comments?post=11"}],"version-history":[{"count":5,"href":"https:\/\/paracambi.rj.gov.br\/cms\/wp-json\/wp\/v2\/pages\/11\/revisions"}],"predecessor-version":[{"id":806,"href":"https:\/\/paracambi.rj.gov.br\/cms\/wp-json\/wp\/v2\/pages\/11\/revisions\/806"}],"wp:attachment":[{"href":"https:\/\/paracambi.rj.gov.br\/cms\/wp-json\/wp\/v2\/media?parent=11"}],"curies":[{"name":"wp","href":"https:\/\/api.w.org\/{rel}","templated":true}]}}