{"id":162,"date":"2018-02-24T07:50:49","date_gmt":"2018-02-24T10:50:49","guid":{"rendered":"http:\/\/200.164.238.180\/cms\/?page_id=162"},"modified":"2018-02-24T08:09:09","modified_gmt":"2018-02-24T11:09:09","slug":"unidades-de-saude","status":"publish","type":"page","link":"https:\/\/paracambi.rj.gov.br\/cms\/unidades-de-saude\/","title":{"rendered":"Unidades de Sa\u00fade"},"content":{"rendered":"<h1>Unidades B\u00e1sica de Sa\u00fade na cidade de Paracambi &#8211;\u00a0<a href=\"https:\/\/www.infosaude.com.br\/cities?uf=RJ\">RJ<\/a><\/h1>\n<p>&nbsp;<\/p>\n<p>ESF CASCATA<\/p>\n<div class=\"row\">\n<div class=\"col-lg-6\">\n<div class=\"panel panel-default\">\n<div class=\"panel-body\">\n<p>Telefone\u00a0<a href=\"tel:2426832144\">(21) 2683-2144<\/a><\/p>\n<p>Rua:\u00a0R VICENTE CICARINO<\/p>\n<p>Cidade:\u00a0Paracambi-RJ<\/p>\n<p>&nbsp;<\/p>\n<p>ESF FAZENDA DO SABUGO<\/p>\n<\/div>\n<\/div>\n<\/div>\n<\/div>\n<div class=\"row\">\n<div class=\"col-lg-6\">\n<div class=\"panel panel-default\">\n<div class=\"panel-body\">\n<p>Telefone\u00a0<a href=\"tel:26835903\">(21) 2683-5903<\/a><\/p>\n<p>Rua:\u00a0ESTRADA DA FLORESTA<\/p>\n<p>Cidade:\u00a0Paracambi-RJ<\/p>\n<p>&nbsp;<\/p>\n<p><strong>ESF DO AMAPA<\/strong><\/p>\n<\/div>\n<\/div>\n<\/div>\n<\/div>\n<div class=\"row\">\n<div class=\"col-lg-6\">\n<div class=\"panel panel-default\">\n<div class=\"panel-body\">\n<p>Telefone\u00a0<a href=\"tel:(21)26833618\">(21) 2683-3618<\/a><\/p>\n<p>Rua:\u00a0RUA CIPRIANO RODRIGUES CABRAL<\/p>\n<p>Cidade:\u00a0Paracambi-RJ<\/p>\n<\/div>\n<\/div>\n<\/div>\n<\/div>\n<div class=\"row\">\n<div class=\"col-lg-6\">\n<div class=\"panel panel-default\">\n<div class=\"panel-heading\">\n<h2 class=\"ubs__panel-title\"><a href=\"https:\/\/www.infosaude.com.br\/ubs\/11296-centro-municipal-de-saude-coletiva-1-de-maio\">CENTRO MUNICIPAL DE SAUDE COLETIVA 1 DE MAIO<\/a><\/h2>\n<\/div>\n<div class=\"panel-body\">\n<p>Telefone\u00a0<a href=\"tel:26836000\">(21) 2683-6000<\/a><\/p>\n<p>Rua:\u00a0RUA NATAL<\/p>\n<p>Cidade:\u00a0Paracambi-RJ<\/p>\n<\/div>\n<\/div>\n<\/div>\n<\/div>\n<div class=\"row\">\n<div class=\"col-lg-6\">\n<div class=\"panel panel-default\">\n<div class=\"panel-heading\">\n<h2 class=\"ubs__panel-title\"><a href=\"https:\/\/www.infosaude.com.br\/ubs\/24688-centro-municipal-de-saude-coletiva-de-lages\">CENTRO MUNICIPAL DE SAUDE COLETIVA DE LAGES<\/a><\/h2>\n<\/div>\n<div class=\"panel-body\">\n<p>Telefone\u00a0<a href=\"tel:(21)26834848\">(21) 2683-4848<\/a><\/p>\n<p>Rua:\u00a0R DR ROMEIRO NETO<\/p>\n<p>Cidade:\u00a0Paracambi-RJ<\/p>\n<\/div>\n<\/div>\n<\/div>\n<\/div>\n<div class=\"row\">\n<div class=\"col-lg-6\">\n<div class=\"panel panel-default\">\n<div class=\"panel-heading\">\n<h2 class=\"ubs__panel-title\"><a href=\"https:\/\/www.infosaude.com.br\/ubs\/7269-msc-lages-i\">\u00a0LAGES I<\/a><\/h2>\n<\/div>\n<div class=\"panel-body\">\n<p>Telefone<\/p>\n<p>Rua:\u00a0RUA DOUTOR ROMEIRO NETO<\/p>\n<p>Cidade:\u00a0Paracambi-RJ<\/p>\n<\/div>\n<\/div>\n<\/div>\n<\/div>\n<div class=\"row\">\n<div class=\"col-lg-6\">\n<div class=\"panel panel-default\">\n<div class=\"panel-heading\">\n<h2 class=\"ubs__panel-title\"><a href=\"https:\/\/www.infosaude.com.br\/ubs\/4568-posto-de-saude-municipal-vitoria-da-uniao\">POSTO DE SAUDE MUNICIPAL VITORIA DA UNIAO<\/a><\/h2>\n<\/div>\n<div class=\"panel-body\">\n<p>Telefone\u00a0<a href=\"tel:(21)26832587\">(21) 2683-2587<\/a><\/p>\n<p>Rua:\u00a0EST DA FAZENDA DA VITORIA DA UNIAO<\/p>\n<p>Cidade:\u00a0Paracambi-RJ<\/p>\n<\/div>\n<\/div>\n<\/div>\n<\/div>\n<div class=\"row\">\n<div class=\"col-lg-6\">\n<div class=\"panel panel-default\">\n<div class=\"panel-heading\">\n<h2 class=\"ubs__panel-title\"><a href=\"https:\/\/www.infosaude.com.br\/ubs\/29841-centro-municipal-de-saude-coletiva-chacrinha\">CENTRO MUNICIPAL DE SAUDE COLETIVA CHACRINHA<\/a><\/h2>\n<\/div>\n<div class=\"panel-body\">\n<p>Telefone\u00a0<a href=\"tel:(21)36932715\">(21) 3693-2715<\/a><\/p>\n<p>Rua:\u00a0RUA JOSE LUIZ AMORIM<\/p>\n<p>Cidade:\u00a0Paracambi-RJ<\/p>\n<\/div>\n<p><strong>ESF DO JARDIM NOVA ERA<\/strong><\/p>\n<\/div>\n<\/div>\n<\/div>\n<div class=\"row\">\n<div class=\"col-lg-6\">\n<div class=\"panel panel-default\">\n<div class=\"panel-body\">\n<p>Telefone\u00a0<a href=\"tel:(21)26832587\">(21) 2683-2587<\/a><\/p>\n<p>Rua:\u00a0RUA DOS ANTURIOS<\/p>\n<p>Cidade:\u00a0Paracambi-RJ<\/p>\n<\/div>\n<p><strong>ESF DA GUARAJUBA<\/strong><\/p>\n<\/div>\n<\/div>\n<\/div>\n<div class=\"row\">\n<div class=\"col-lg-6\">\n<div class=\"panel panel-default\">\n<div class=\"panel-body\">\n<p>Telefone\u00a0<a href=\"tel:(21)26832587\">(21) 2683-2587<\/a><\/p>\n<p>Rua:\u00a0R SAO PAULO<\/p>\n<p>Cidade:\u00a0Paracambi-RJ<\/p>\n<\/div>\n<p><strong>ESF DO BOM JARDIM<\/strong>Telefone\u00a0<a href=\"tel:(21)26833618\">(21) 2683-3618<\/a><\/p>\n<\/div>\n<\/div>\n<\/div>\n<div class=\"row\">\n<div class=\"col-lg-6\">\n<div class=\"panel panel-default\">\n<div class=\"panel-body\">\n<p>Rua:\u00a0ESTRADA MAURICIO S GUIMARAES<\/p>\n<p>Cidade:\u00a0Paracambi-RJ<\/p>\n<\/div>\n<p><strong>ESF DO RAMALHO<\/strong><\/p>\n<\/div>\n<\/div>\n<\/div>\n<div class=\"row\">\n<div class=\"col-lg-6\">\n<div class=\"panel panel-default\">\n<div class=\"panel-body\">\n<p>Telefone\u00a0<a href=\"tel:2424631418\">(24) 2463-1418<\/a><\/p>\n<p>Rua:\u00a0ROD RJ 127<\/p>\n<p>Cidade:\u00a0Engenheiro Paulo de Frontin-RJ<\/p>\n<\/div>\n<p><strong>ESF DO PACHECO<\/strong><\/p>\n<\/div>\n<\/div>\n<\/div>\n<div class=\"row\">\n<div class=\"col-lg-6\">\n<div class=\"panel panel-default\">\n<div class=\"panel-body\">\n<p>Telefone\u00a0<a href=\"tel:2424631580\">(24) 2463-1580<\/a><\/p>\n<p>Rua:\u00a0RUA PREFEITO JOSE MARIA LIMA<\/p>\n<p>Cidade:\u00a0Paracambi-RJ<\/p>\n<\/div>\n<\/div>\n<\/div>\n<\/div>\n<div class=\"row\">\n<div class=\"col-lg-6\">\n<div class=\"panel panel-default\">\n<div class=\"panel-heading\"><\/div>\n<\/div>\n<\/div>\n<\/div>\n<div class=\"row\">\n<div class=\"col-lg-6\">\n<div class=\"panel panel-default\">\n<div class=\"panel-heading\"><\/div>\n<\/div>\n<\/div>\n<\/div>\n<div class=\"row\">\n<div class=\"col-lg-6\">\n<div class=\"panel panel-default\">\n<div class=\"panel-heading\"><\/div>\n<\/div>\n<\/div>\n<\/div>\n<div class=\"row\">\n<div class=\"col-lg-6\">\n<div class=\"panel panel-default\">\n<div class=\"panel-body\"><\/div>\n<\/div>\n<\/div>\n<\/div>\n<div class=\"row\">\n<div class=\"col-lg-6\">\n<div class=\"panel panel-default\">\n<div class=\"panel-body\">\n<p>&nbsp;<\/p>\n<\/div>\n<\/div>\n<\/div>\n<\/div>\n","protected":false},"excerpt":{"rendered":"<p>Unidades B\u00e1sica de Sa\u00fade na cidade de Paracambi &#8211;\u00a0RJ &nbsp; ESF CASCATA Telefone\u00a0(21) 2683-2144 Rua:\u00a0R VICENTE CICARINO Cidade:\u00a0Paracambi-RJ &nbsp; ESF<\/p>\n","protected":false},"author":1,"featured_media":0,"parent":0,"menu_order":0,"comment_status":"closed","ping_status":"closed","template":"","meta":{"colormag_page_container_layout":"default_layout","colormag_page_sidebar_layout":"default_layout","footnotes":""},"class_list":["post-162","page","type-page","status-publish","hentry"],"jetpack_sharing_enabled":true,"jetpack_shortlink":"https:\/\/wp.me\/PapbWU-2C","jetpack-related-posts":[],"_links":{"self":[{"href":"https:\/\/paracambi.rj.gov.br\/cms\/wp-json\/wp\/v2\/pages\/162","targetHints":{"allow":["GET"]}}],"collection":[{"href":"https:\/\/paracambi.rj.gov.br\/cms\/wp-json\/wp\/v2\/pages"}],"about":[{"href":"https:\/\/paracambi.rj.gov.br\/cms\/wp-json\/wp\/v2\/types\/page"}],"author":[{"embeddable":true,"href":"https:\/\/paracambi.rj.gov.br\/cms\/wp-json\/wp\/v2\/users\/1"}],"replies":[{"embeddable":true,"href":"https:\/\/paracambi.rj.gov.br\/cms\/wp-json\/wp\/v2\/comments?post=162"}],"version-history":[{"count":3,"href":"https:\/\/paracambi.rj.gov.br\/cms\/wp-json\/wp\/v2\/pages\/162\/revisions"}],"predecessor-version":[{"id":165,"href":"https:\/\/paracambi.rj.gov.br\/cms\/wp-json\/wp\/v2\/pages\/162\/revisions\/165"}],"wp:attachment":[{"href":"https:\/\/paracambi.rj.gov.br\/cms\/wp-json\/wp\/v2\/media?parent=162"}],"curies":[{"name":"wp","href":"https:\/\/api.w.org\/{rel}","templated":true}]}}