{"id":1762,"date":"2021-09-25T21:47:36","date_gmt":"2021-09-26T00:47:36","guid":{"rendered":"https:\/\/paracambi.rj.gov.br\/cms\/?page_id=1762"},"modified":"2021-09-25T22:17:34","modified_gmt":"2021-09-26T01:17:34","slug":"videos","status":"publish","type":"page","link":"https:\/\/paracambi.rj.gov.br\/cms\/videos\/","title":{"rendered":"V\u00cdDEOS"},"content":{"rendered":"<p><a href=\"https:\/\/paracambi.rj.gov.br\/cms\/wp-content\/uploads\/2021\/09\/PLENARIA-ELEICAO-CONSELHEIROS.wmv\">PLEN\u00c1RIA ELEI\u00c7\u00c3O CONSELHEIROS<\/a><\/p>\n<p>&nbsp;<\/p>\n<div style=\"width: 800px;\" class=\"wp-video\"><video class=\"wp-video-shortcode\" id=\"video-1762-1\" width=\"800\" height=\"450\" preload=\"metadata\" controls=\"controls\"><source type=\"video\/mp4\" src=\"https:\/\/paracambi.rj.gov.br\/cms\/wp-content\/uploads\/2021\/09\/VIII-CONFERENCIA-NACIONAL-DE-SAUDE-2012.mp4?_=1\" \/><a href=\"https:\/\/paracambi.rj.gov.br\/cms\/wp-content\/uploads\/2021\/09\/VIII-CONFERENCIA-NACIONAL-DE-SAUDE-2012.mp4\">https:\/\/paracambi.rj.gov.br\/cms\/wp-content\/uploads\/2021\/09\/VIII-CONFERENCIA-NACIONAL-DE-SAUDE-2012.mp4<\/a><\/video><\/div>\n<p>&nbsp;<\/p>\n<div style=\"width: 800px;\" class=\"wp-video\"><video class=\"wp-video-shortcode\" id=\"video-1762-2\" width=\"800\" height=\"450\" preload=\"metadata\" controls=\"controls\"><source type=\"video\/mp4\" src=\"https:\/\/paracambi.rj.gov.br\/cms\/wp-content\/uploads\/2021\/09\/Primeira-Reuniao-do-Conselho-na-Gestao-de-2012.mp4?_=2\" \/><a href=\"https:\/\/paracambi.rj.gov.br\/cms\/wp-content\/uploads\/2021\/09\/Primeira-Reuniao-do-Conselho-na-Gestao-de-2012.mp4\">https:\/\/paracambi.rj.gov.br\/cms\/wp-content\/uploads\/2021\/09\/Primeira-Reuniao-do-Conselho-na-Gestao-de-2012.mp4<\/a><\/video><\/div>\n<p>&nbsp;<\/p>\n","protected":false},"excerpt":{"rendered":"<p>PLEN\u00c1RIA ELEI\u00c7\u00c3O CONSELHEIROS &nbsp; &nbsp; &nbsp;<\/p>\n","protected":false},"author":1,"featured_media":0,"parent":0,"menu_order":0,"comment_status":"closed","ping_status":"closed","template":"","meta":{"colormag_page_container_layout":"default_layout","colormag_page_sidebar_layout":"default_layout","footnotes":""},"class_list":["post-1762","page","type-page","status-publish","hentry"],"jetpack_sharing_enabled":true,"jetpack_shortlink":"https:\/\/wp.me\/PapbWU-sq","jetpack-related-posts":[],"_links":{"self":[{"href":"https:\/\/paracambi.rj.gov.br\/cms\/wp-json\/wp\/v2\/pages\/1762","targetHints":{"allow":["GET"]}}],"collection":[{"href":"https:\/\/paracambi.rj.gov.br\/cms\/wp-json\/wp\/v2\/pages"}],"about":[{"href":"https:\/\/paracambi.rj.gov.br\/cms\/wp-json\/wp\/v2\/types\/page"}],"author":[{"embeddable":true,"href":"https:\/\/paracambi.rj.gov.br\/cms\/wp-json\/wp\/v2\/users\/1"}],"replies":[{"embeddable":true,"href":"https:\/\/paracambi.rj.gov.br\/cms\/wp-json\/wp\/v2\/comments?post=1762"}],"version-history":[{"count":5,"href":"https:\/\/paracambi.rj.gov.br\/cms\/wp-json\/wp\/v2\/pages\/1762\/revisions"}],"predecessor-version":[{"id":1773,"href":"https:\/\/paracambi.rj.gov.br\/cms\/wp-json\/wp\/v2\/pages\/1762\/revisions\/1773"}],"wp:attachment":[{"href":"https:\/\/paracambi.rj.gov.br\/cms\/wp-json\/wp\/v2\/media?parent=1762"}],"curies":[{"name":"wp","href":"https:\/\/api.w.org\/{rel}","templated":true}]}}