{"id":1799,"date":"2021-09-27T20:43:16","date_gmt":"2021-09-27T23:43:16","guid":{"rendered":"https:\/\/paracambi.rj.gov.br\/cms\/?page_id=1799"},"modified":"2021-09-27T20:49:04","modified_gmt":"2021-09-27T23:49:04","slug":"2017-2","status":"publish","type":"page","link":"https:\/\/paracambi.rj.gov.br\/cms\/2017-2\/","title":{"rendered":"2017"},"content":{"rendered":"<p><a href=\"https:\/\/paracambi.rj.gov.br\/cms\/wp-content\/uploads\/2021\/09\/48a-Ata-Reuniao-Ordinaria-29-de-Maio-2017.pdf\">48\u00aa Ata Reuni\u00e3o Ordin\u00e1ria &#8211; 29 de Maio 2017<\/a><\/p>\n<p><a href=\"https:\/\/paracambi.rj.gov.br\/cms\/wp-content\/uploads\/2021\/09\/49a-Ata-Reuniao-Ordinaria-26-de-Junho-2017.pdf\">49\u00aa Ata Reuni\u00e3o Ordin\u00e1ria &#8211; 26 de Junho 2017<\/a><\/p>\n<p><a href=\"https:\/\/paracambi.rj.gov.br\/cms\/wp-content\/uploads\/2021\/09\/50a-Ata-Reuniao-Ordinaria-Julho-2017.pdf\">50\u00aa Ata Reuni\u00e3o Ordin\u00e1ria &#8211; Julho 2017<\/a><\/p>\n<p><a href=\"https:\/\/paracambi.rj.gov.br\/cms\/wp-content\/uploads\/2021\/09\/51a-Ata-Reuniao-Itinerante-Agosto-2017.pdf\">51\u00aa Ata Reuni\u00e3o Itinerante &#8211; Agosto 2017<\/a><\/p>\n<p><a href=\"https:\/\/paracambi.rj.gov.br\/cms\/wp-content\/uploads\/2021\/09\/52a-Ata-Reuniao-Ordinaria-Outubro-2017.pdf\">52\u00aa Ata Reuni\u00e3o Ordin\u00e1ria &#8211; Outubro 2017<\/a><\/p>\n<p><a href=\"https:\/\/paracambi.rj.gov.br\/cms\/wp-content\/uploads\/2021\/09\/53a-Ata-Reuniao-Ordinaria-28-de-Novembro-2017.pdf\">53\u00aa Ata Reuni\u00e3o Ordin\u00e1ria &#8211; 28 de Novembro 2017<\/a><\/p>\n<p><a href=\"https:\/\/paracambi.rj.gov.br\/cms\/wp-content\/uploads\/2021\/09\/Ata-Reuniao-Ordinaria-20-de-Fevereiro-2017.pdf\">Ata Reuni\u00e3o Ordin\u00e1ria &#8211; 20 de Fevereiro 2017<\/a><\/p>\n<p><a href=\"https:\/\/paracambi.rj.gov.br\/cms\/wp-content\/uploads\/2021\/09\/Ata-Reuniao-Ordinaria-29-de-Maio-2017.pdf\">Ata Reuni\u00e3o Ordin\u00e1ria &#8211; 29 de Maio 2017<\/a><\/p>\n<p><a href=\"https:\/\/paracambi.rj.gov.br\/cms\/wp-content\/uploads\/2021\/09\/Ata-Reuniao-Ordinaria-26-de-Junho-2017.pdf\">Ata Reuni\u00e3o Ordin\u00e1ria &#8211; 26 de Junho 2017<\/a><\/p>\n<p><a href=\"https:\/\/paracambi.rj.gov.br\/cms\/wp-content\/uploads\/2021\/09\/Ata-Reuniao-Ordinaria-27-de-Marco-2017.pdf\">Ata Reuni\u00e3o Ordin\u00e1ria &#8211; 27 de Mar\u00e7o 2017<\/a><\/p>\n<p><a href=\"https:\/\/paracambi.rj.gov.br\/cms\/wp-content\/uploads\/2021\/09\/Ata-Reuniao-Ordinaria-30-de-Janeiro-2017.pdf\">Ata Reuni\u00e3o Ordin\u00e1ria &#8211; 30 de Janeiro 2017<\/a><\/p>\n","protected":false},"excerpt":{"rendered":"<p>48\u00aa Ata Reuni\u00e3o Ordin\u00e1ria &#8211; 29 de Maio 2017 49\u00aa Ata Reuni\u00e3o Ordin\u00e1ria &#8211; 26 de Junho 2017 50\u00aa Ata<\/p>\n","protected":false},"author":1,"featured_media":0,"parent":0,"menu_order":0,"comment_status":"closed","ping_status":"closed","template":"","meta":{"colormag_page_container_layout":"default_layout","colormag_page_sidebar_layout":"default_layout","footnotes":""},"class_list":["post-1799","page","type-page","status-publish","hentry"],"jetpack_sharing_enabled":true,"jetpack_shortlink":"https:\/\/wp.me\/PapbWU-t1","jetpack-related-posts":[],"_links":{"self":[{"href":"https:\/\/paracambi.rj.gov.br\/cms\/wp-json\/wp\/v2\/pages\/1799","targetHints":{"allow":["GET"]}}],"collection":[{"href":"https:\/\/paracambi.rj.gov.br\/cms\/wp-json\/wp\/v2\/pages"}],"about":[{"href":"https:\/\/paracambi.rj.gov.br\/cms\/wp-json\/wp\/v2\/types\/page"}],"author":[{"embeddable":true,"href":"https:\/\/paracambi.rj.gov.br\/cms\/wp-json\/wp\/v2\/users\/1"}],"replies":[{"embeddable":true,"href":"https:\/\/paracambi.rj.gov.br\/cms\/wp-json\/wp\/v2\/comments?post=1799"}],"version-history":[{"count":3,"href":"https:\/\/paracambi.rj.gov.br\/cms\/wp-json\/wp\/v2\/pages\/1799\/revisions"}],"predecessor-version":[{"id":1814,"href":"https:\/\/paracambi.rj.gov.br\/cms\/wp-json\/wp\/v2\/pages\/1799\/revisions\/1814"}],"wp:attachment":[{"href":"https:\/\/paracambi.rj.gov.br\/cms\/wp-json\/wp\/v2\/media?parent=1799"}],"curies":[{"name":"wp","href":"https:\/\/api.w.org\/{rel}","templated":true}]}}