{"id":26,"date":"2023-01-23T14:37:38","date_gmt":"2023-01-23T17:37:38","guid":{"rendered":"https:\/\/paracambi.rj.gov.br\/sites\/cacs\/?page_id=26"},"modified":"2023-01-24T11:30:21","modified_gmt":"2023-01-24T14:30:21","slug":"lei","status":"publish","type":"page","link":"https:\/\/paracambi.rj.gov.br\/sites\/cacs\/lei\/","title":{"rendered":"LEIS"},"content":{"rendered":"\n<p><a rel=\"noreferrer noopener\" href=\"https:\/\/www.planalto.gov.br\/ccivil_03\/leis\/l9424.htm\" target=\"_blank\">Lei N\u00ba 9.424, de cria\u00e7\u00e3o do 24 de dezembro de 1996<\/a><\/p>\n\n\n\n<p><a href=\"https:\/\/drive.google.com\/file\/d\/1NWFNykqTCWkQs62h_cb8fIP9RzAatN2F\/view?usp=share_link\" target=\"_blank\" rel=\"noreferrer noopener\">Lei de cria\u00e7\u00e3o do FUNDEF Lei Municipal N\u00ba 403\/97<\/a><\/p>\n\n\n\n<p><a href=\"http:\/\/www.planalto.gov.br\/ccivil_03\/_ato2007-2010\/2007\/Lei\/L11494.htm\" target=\"_blank\" rel=\"noreferrer noopener\">Lei Federal n\u00ba 11494, de Regulamenta\u00e7\u00e3o de 20 de junho de 2007<\/a><\/p>\n\n\n\n<p><a href=\"https:\/\/drive.google.com\/file\/d\/1RJwPA56GEb8yZ0oHqspmx9XBj3nOGos4\/view?usp=share_link\" target=\"_blank\" rel=\"noreferrer noopener\">Lei Municipal de cria\u00e7\u00e3o do FUNDEB N\u00ba 847 de 29\/03\/2007<\/a><\/p>\n\n\n\n<p><a href=\"https:\/\/www.planalto.gov.br\/ccivil_03\/_ato2019-2022\/2020\/lei\/l14113.htm\">Lei N\u00ba 14.113, DE 25 DE DEZEMBRO DE 2020<\/a><\/p>\n\n\n\n<p><a rel=\"noreferrer noopener\" href=\"https:\/\/drive.google.com\/file\/d\/1ryfv4yxf_lufflEe4lc9SRTV_63V-ZvJ\/view?usp=share_link\" target=\"_blank\">Lei Municipal N\u00ba 1.515 de 23\/03\/2021 que revoga a Lei n\u00ba 847\/2007<\/a><\/p>\n","protected":false},"excerpt":{"rendered":"<p>Lei N\u00ba 9.424, de cria\u00e7\u00e3o do 24 de dezembro de 1996 Lei de cria\u00e7\u00e3o do FUNDEF Lei Municipal N\u00ba 403\/97<\/p>\n","protected":false},"author":9,"featured_media":0,"parent":0,"menu_order":0,"comment_status":"closed","ping_status":"closed","template":"","meta":{"colormag_page_container_layout":"default_layout","colormag_page_sidebar_layout":"default_layout","footnotes":""},"class_list":["post-26","page","type-page","status-publish","hentry"],"_links":{"self":[{"href":"https:\/\/paracambi.rj.gov.br\/sites\/cacs\/wp-json\/wp\/v2\/pages\/26","targetHints":{"allow":["GET"]}}],"collection":[{"href":"https:\/\/paracambi.rj.gov.br\/sites\/cacs\/wp-json\/wp\/v2\/pages"}],"about":[{"href":"https:\/\/paracambi.rj.gov.br\/sites\/cacs\/wp-json\/wp\/v2\/types\/page"}],"author":[{"embeddable":true,"href":"https:\/\/paracambi.rj.gov.br\/sites\/cacs\/wp-json\/wp\/v2\/users\/9"}],"replies":[{"embeddable":true,"href":"https:\/\/paracambi.rj.gov.br\/sites\/cacs\/wp-json\/wp\/v2\/comments?post=26"}],"version-history":[{"count":5,"href":"https:\/\/paracambi.rj.gov.br\/sites\/cacs\/wp-json\/wp\/v2\/pages\/26\/revisions"}],"predecessor-version":[{"id":66,"href":"https:\/\/paracambi.rj.gov.br\/sites\/cacs\/wp-json\/wp\/v2\/pages\/26\/revisions\/66"}],"wp:attachment":[{"href":"https:\/\/paracambi.rj.gov.br\/sites\/cacs\/wp-json\/wp\/v2\/media?parent=26"}],"curies":[{"name":"wp","href":"https:\/\/api.w.org\/{rel}","templated":true}]}}