{"id":34,"date":"2023-04-26T06:58:06","date_gmt":"2023-04-26T09:58:06","guid":{"rendered":"https:\/\/paracambi.rj.gov.br\/sites\/sedeinc\/?page_id=34"},"modified":"2023-04-26T16:38:45","modified_gmt":"2023-04-26T19:38:45","slug":"sobre","status":"publish","type":"page","link":"https:\/\/paracambi.rj.gov.br\/sites\/sedeinc\/sobre\/","title":{"rendered":"Sobre a Sedeinc"},"content":{"rendered":"\n<p>A Secretaria de Desenvolvimento Econ\u00f4mico, Ind\u00fastria e Com\u00e9rcio foi criada pela Lei Complementar n\u00b0 1.387, DE 02 de Julho DE 2019.<\/p>\n\n\n\n<p>Este \u00f3rg\u00e3o \u00e9 respons\u00e1vel pela assessoria ao Prefeito, organiza\u00e7\u00e3o e administra\u00e7\u00e3o do sistema de planejamento e formula\u00e7\u00e3o da pol\u00edtica de desenvolvimento socioecon\u00f4mico da Administra\u00e7\u00e3o do Munic\u00edpio, visando estimular o desenvolvimento municipal no \u00e2mbito da ind\u00fastria, com\u00e9rcio e forma\u00e7\u00e3o profissional, objetivando o bem estar social, a qualidade de vida, gera\u00e7\u00e3o de emprego e renda. Na \u00e1rea de ind\u00fastria e com\u00e9rcio d\u00e1 apoio e desenvolvimento dos setores e colabora com a\u00e7\u00f5es voltadas para o fortalecimento das principais atividades econ\u00f4micas do Munic\u00edpio.<\/p>\n\n\n\n<p><\/p>\n","protected":false},"excerpt":{"rendered":"<p>A Secretaria de Desenvolvimento Econ\u00f4mico, Ind\u00fastria e Com\u00e9rcio foi criada pela Lei Complementar n\u00b0 1.387, DE 02 de Julho DE<\/p>\n","protected":false},"author":11,"featured_media":0,"parent":0,"menu_order":0,"comment_status":"closed","ping_status":"closed","template":"","meta":{"colormag_page_container_layout":"default_layout","colormag_page_sidebar_layout":"default_layout","footnotes":""},"class_list":["post-34","page","type-page","status-publish","hentry"],"jetpack-related-posts":[],"jetpack_sharing_enabled":true,"jetpack_likes_enabled":true,"jetpack_shortlink":"https:\/\/wp.me\/PeLF8g-y","_links":{"self":[{"href":"https:\/\/paracambi.rj.gov.br\/sites\/sedeinc\/wp-json\/wp\/v2\/pages\/34","targetHints":{"allow":["GET"]}}],"collection":[{"href":"https:\/\/paracambi.rj.gov.br\/sites\/sedeinc\/wp-json\/wp\/v2\/pages"}],"about":[{"href":"https:\/\/paracambi.rj.gov.br\/sites\/sedeinc\/wp-json\/wp\/v2\/types\/page"}],"author":[{"embeddable":true,"href":"https:\/\/paracambi.rj.gov.br\/sites\/sedeinc\/wp-json\/wp\/v2\/users\/11"}],"replies":[{"embeddable":true,"href":"https:\/\/paracambi.rj.gov.br\/sites\/sedeinc\/wp-json\/wp\/v2\/comments?post=34"}],"version-history":[{"count":5,"href":"https:\/\/paracambi.rj.gov.br\/sites\/sedeinc\/wp-json\/wp\/v2\/pages\/34\/revisions"}],"predecessor-version":[{"id":73,"href":"https:\/\/paracambi.rj.gov.br\/sites\/sedeinc\/wp-json\/wp\/v2\/pages\/34\/revisions\/73"}],"wp:attachment":[{"href":"https:\/\/paracambi.rj.gov.br\/sites\/sedeinc\/wp-json\/wp\/v2\/media?parent=34"}],"curies":[{"name":"wp","href":"https:\/\/api.w.org\/{rel}","templated":true}]}}