{"id":376,"date":"2022-02-15T10:36:31","date_gmt":"2022-02-15T13:36:31","guid":{"rendered":"https:\/\/paracambi.rj.gov.br\/sites\/villa-lobos\/?page_id=376"},"modified":"2022-03-29T09:55:09","modified_gmt":"2022-03-29T12:55:09","slug":"flauta-transversal","status":"publish","type":"page","link":"https:\/\/paracambi.rj.gov.br\/sites\/villa-lobos\/flauta-transversal\/","title":{"rendered":"Flauta Transversal"},"content":{"rendered":"\n<figure class=\"wp-block-image size-medium\"><img data-recalc-dims=\"1\" fetchpriority=\"high\" decoding=\"async\" width=\"300\" height=\"300\" data-attachment-id=\"1215\" data-permalink=\"https:\/\/paracambi.rj.gov.br\/sites\/villa-lobos\/flauta-transversal\/flauta-transversal-2\/\" data-orig-file=\"https:\/\/i0.wp.com\/paracambi.rj.gov.br\/sites\/villa-lobos\/wp-content\/uploads\/sites\/3\/2022\/03\/Flauta-Transversal.jpg?fit=1500%2C1500&amp;ssl=1\" data-orig-size=\"1500,1500\" data-comments-opened=\"1\" data-image-meta=\"{&quot;aperture&quot;:&quot;0&quot;,&quot;credit&quot;:&quot;&quot;,&quot;camera&quot;:&quot;&quot;,&quot;caption&quot;:&quot;&quot;,&quot;created_timestamp&quot;:&quot;0&quot;,&quot;copyright&quot;:&quot;&quot;,&quot;focal_length&quot;:&quot;0&quot;,&quot;iso&quot;:&quot;0&quot;,&quot;shutter_speed&quot;:&quot;0&quot;,&quot;title&quot;:&quot;&quot;,&quot;orientation&quot;:&quot;0&quot;}\" data-image-title=\"Flauta-Transversal\" data-image-description=\"\" data-image-caption=\"\" data-medium-file=\"https:\/\/i0.wp.com\/paracambi.rj.gov.br\/sites\/villa-lobos\/wp-content\/uploads\/sites\/3\/2022\/03\/Flauta-Transversal.jpg?fit=300%2C300&amp;ssl=1\" data-large-file=\"https:\/\/i0.wp.com\/paracambi.rj.gov.br\/sites\/villa-lobos\/wp-content\/uploads\/sites\/3\/2022\/03\/Flauta-Transversal.jpg?fit=800%2C800&amp;ssl=1\" src=\"https:\/\/i0.wp.com\/paracambi.rj.gov.br\/sites\/villa-lobos\/wp-content\/uploads\/sites\/3\/2022\/03\/Flauta-Transversal.jpg?resize=300%2C300&#038;ssl=1\" alt=\"\" class=\"wp-image-1215\" srcset=\"https:\/\/i0.wp.com\/paracambi.rj.gov.br\/sites\/villa-lobos\/wp-content\/uploads\/sites\/3\/2022\/03\/Flauta-Transversal.jpg?resize=300%2C300&amp;ssl=1 300w, https:\/\/i0.wp.com\/paracambi.rj.gov.br\/sites\/villa-lobos\/wp-content\/uploads\/sites\/3\/2022\/03\/Flauta-Transversal.jpg?resize=1024%2C1024&amp;ssl=1 1024w, https:\/\/i0.wp.com\/paracambi.rj.gov.br\/sites\/villa-lobos\/wp-content\/uploads\/sites\/3\/2022\/03\/Flauta-Transversal.jpg?resize=150%2C150&amp;ssl=1 150w, https:\/\/i0.wp.com\/paracambi.rj.gov.br\/sites\/villa-lobos\/wp-content\/uploads\/sites\/3\/2022\/03\/Flauta-Transversal.jpg?resize=768%2C768&amp;ssl=1 768w, https:\/\/i0.wp.com\/paracambi.rj.gov.br\/sites\/villa-lobos\/wp-content\/uploads\/sites\/3\/2022\/03\/Flauta-Transversal.jpg?w=1500&amp;ssl=1 1500w\" sizes=\"(max-width: 300px) 100vw, 300px\" \/><\/figure>\n\n\n\n<p class=\"has-text-align-justify\" style=\"font-size:16px\">A flauta transversal, por vezes chamada de flauta transversa ou simplesmente de flauta, \u00e9 um aerofone da fam\u00edlia das madeiras. Apesar de atualmente ser fabricada em metal, em sua origem, esta era de madeira. Por esta raz\u00e3o, at\u00e9 hoje, a flauta transversal \u00e9 classificada nas orquestras como um instrumento pertencente ao grupo das madeiras.<\/p>\n\n\n\n<p class=\"has-text-align-justify\" style=\"font-size:16px\">A extens\u00e3o normal (registo) da flauta tranversal soprano (que \u00e9 a mais comum dos tipos de flauta transversal) \u00e9 de tr\u00eas oitavas completas (C4, C5, C6) podendo chegar at\u00e9 o sol sustenido 7. Algumas flautas modernas com o p\u00e9 em si permitem tamb\u00e9m tocar o Si3. H\u00e1 tamb\u00e9m outros tipos de flauta transversal, como o piccolo, cujo registo come\u00e7a uma oitava acima da flauta transversal comum, a flauta baixo, cujo registo come\u00e7a duas oitavas abaixo da flauta transversal soprano, e a flauta alto, que come\u00e7a em Sol3. <\/p>\n\n\n\n<p class=\"has-text-align-justify\" style=\"font-size:16px\">Existem tamb\u00e9m as flautas de bambu e madeira, conhecidas como p\u00edfaro, bansur\u00ed, quena, entre outros, mudando de acordo com o pa\u00eds e \u00e0s vezes mudando o esquema de notas e a embocadura, muito usado na m\u00fasica tradicional de diversos pa\u00edses, cujo registo pode variar muito conforme a tradi\u00e7\u00e3o cultural considerada. \u00c0s vezes a flauta de bambu e madeira \u00e9 usada como aprendizado para transversal, por\u00e9m a sua sonoridade \u00e9 diferente da transversal e com menos notas.<\/p>\n\n\n\n<p class=\"has-text-align-justify\" style=\"font-size:16px\"><strong>T\u00e9cnicas<\/strong><br>No piano, por exemplo, a emiss\u00e3o do som \u00e9 relativamente f\u00e1cil, levando ao virtuosismo quase espont\u00e2neo no que diz respeito \u00e0 velocidade. N\u00e3o \u00e9 t\u00e3o f\u00e1cil obter um som vibrante sem ser vulgar no forte ou inconsistente na flauta. As dificuldades de execu\u00e7\u00e3o apresentam-se tamb\u00e9m pela natureza heterog\u00e9nea dos registos, tanto em timbre, quanto em volume de som. O agudo \u00e9 potente e brilhante, e o grave, aveludado e de dif\u00edcil emiss\u00e3o. O controle da embocadura, por se tratar de um instrumento de embocadura livre, deve ser minucioso, j\u00e1 que pequenas altera\u00e7\u00f5es no \u00e2ngulo do sopro interferem bastante no equil\u00edbrio da afina\u00e7\u00e3o.<\/p>\n\n\n\n<p class=\"has-text-align-justify\" style=\"font-size:16px\"><strong>Recursos comuns na Flauta Transversal<\/strong><br>A flauta transversal sempre foi um instrumento muito privilegiado no que diz respeito a recursos e ornamentos. Grande parte dos recursos musicalmente conhecidos s\u00e3o execut\u00e1veis na Flauta, salvo as particularidades e dificuldades inerentes ao pr\u00f3prio instrumento.<\/p>\n\n\n\n<ul class=\"wp-block-list\" style=\"font-size:16px\"><li><strong>Vibrato<\/strong> &#8211; introduzido pela escola francesa, \u00e9 feito a partir do diafragma, semelhante ao vibrato vocal. Existe tamb\u00e9m a possibilidade de realizar o vibrato utilizando-se das chaves em forma de anel presentes em algumas flautas. O abuso do vibrato por parte de flautistas leva a interpreta\u00e7\u00f5es erradas, tocando em vibrato passagens que deveriam soar limpas e serenas.<\/li><li><strong>Glissando<\/strong> &#8211; consiste em &#8220;deslizar&#8221; entre as notas, seja por meio das chaves ou por altera\u00e7\u00f5es na embocadura.<\/li><li><strong>Harm\u00f4nicos<\/strong> &#8211; feito ao mudar a embocadura e a dire\u00e7\u00e3o da coluna de ar, obtendo uma nota diferente da que seria a da digita\u00e7\u00e3o fundamental. O timbre \u00e9 mais doce e et\u00e9reo do que o da nota &#8220;real&#8221;.<\/li><li><strong>Beatboxin<\/strong>g &#8211; Consiste em tocar uma melodia realizando o beatboxing ao mesmo tempo.<\/li><li><strong>Multifonia<\/strong> &#8211; consiste em solfejar e tocar ao mesmo tempo, o resultado \u00e9 um som cortante e agressivo. (t\u00e9cnica moderna).<\/li><li><strong>Frullato <\/strong>&#8211; pronuncia-se a letra &#8220;R&#8221; (sem voz) enquanto toca, dando \u00e0 nota uma intermit\u00eancia. (t\u00e9cnica tamb\u00e9m conhecida por Fluterzung e sempre foi caracter\u00edstica pr\u00f3pria deste instrumento, mas seu uso se tornou mais evidente em recentemente).<\/li><li><strong>Polifonia ou Nota dupla<\/strong> &#8211; atrav\u00e9s de pesquisa foram descobertos alguns intervalos de notas poss\u00edveis de se emitir na flauta usando digita\u00e7\u00e3o especial e de um sopro mais &#8220;difuso&#8221;, de forma a permanecer entre dois sons harm\u00f3nicos. (t\u00e9cnica moderna).<\/li><li><strong>Trinados, tr\u00eamolos, mordentes, staccatos, legatos e outros comp\u00f5em uma lista vasta de ornamentos e express\u00f5es muito comuns na execu\u00e7\u00e3o da Flauta.<\/strong><\/li><\/ul>\n\n\n\n<p class=\"has-text-align-right\"><a href=\"https:\/\/paracambi.rj.gov.br\/sites\/villa-lobos\/clarineta\/\">Voltar<\/a> <a href=\"https:\/\/paracambi.rj.gov.br\/sites\/villa-lobos\/guitarra\/\">Pr\u00f3ximo<\/a><\/p>\n","protected":false},"excerpt":{"rendered":"<p>A flauta transversal, por vezes chamada de flauta transversa ou simplesmente de flauta, \u00e9 um aerofone da fam\u00edlia das madeiras.<\/p>\n","protected":false},"author":3,"featured_media":0,"parent":0,"menu_order":0,"comment_status":"closed","ping_status":"closed","template":"","meta":{"colormag_page_container_layout":"default_layout","colormag_page_sidebar_layout":"default_layout","footnotes":""},"class_list":["post-376","page","type-page","status-publish","hentry"],"_links":{"self":[{"href":"https:\/\/paracambi.rj.gov.br\/sites\/villa-lobos\/wp-json\/wp\/v2\/pages\/376","targetHints":{"allow":["GET"]}}],"collection":[{"href":"https:\/\/paracambi.rj.gov.br\/sites\/villa-lobos\/wp-json\/wp\/v2\/pages"}],"about":[{"href":"https:\/\/paracambi.rj.gov.br\/sites\/villa-lobos\/wp-json\/wp\/v2\/types\/page"}],"author":[{"embeddable":true,"href":"https:\/\/paracambi.rj.gov.br\/sites\/villa-lobos\/wp-json\/wp\/v2\/users\/3"}],"replies":[{"embeddable":true,"href":"https:\/\/paracambi.rj.gov.br\/sites\/villa-lobos\/wp-json\/wp\/v2\/comments?post=376"}],"version-history":[{"count":6,"href":"https:\/\/paracambi.rj.gov.br\/sites\/villa-lobos\/wp-json\/wp\/v2\/pages\/376\/revisions"}],"predecessor-version":[{"id":1363,"href":"https:\/\/paracambi.rj.gov.br\/sites\/villa-lobos\/wp-json\/wp\/v2\/pages\/376\/revisions\/1363"}],"wp:attachment":[{"href":"https:\/\/paracambi.rj.gov.br\/sites\/villa-lobos\/wp-json\/wp\/v2\/media?parent=376"}],"curies":[{"name":"wp","href":"https:\/\/api.w.org\/{rel}","templated":true}]}}