{"id":378,"date":"2022-02-15T10:36:31","date_gmt":"2022-02-15T13:36:31","guid":{"rendered":"https:\/\/paracambi.rj.gov.br\/sites\/villa-lobos\/?page_id=378"},"modified":"2022-03-29T07:44:33","modified_gmt":"2022-03-29T10:44:33","slug":"piano","status":"publish","type":"page","link":"https:\/\/paracambi.rj.gov.br\/sites\/villa-lobos\/piano\/","title":{"rendered":"Piano"},"content":{"rendered":"\n<figure class=\"wp-block-image size-medium\"><img data-recalc-dims=\"1\" fetchpriority=\"high\" decoding=\"async\" width=\"241\" height=\"300\" data-attachment-id=\"1222\" data-permalink=\"https:\/\/paracambi.rj.gov.br\/sites\/villa-lobos\/piano\/piano-2\/\" data-orig-file=\"https:\/\/i0.wp.com\/paracambi.rj.gov.br\/sites\/villa-lobos\/wp-content\/uploads\/sites\/3\/2022\/03\/piano.jpg?fit=402%2C500&amp;ssl=1\" data-orig-size=\"402,500\" data-comments-opened=\"1\" data-image-meta=\"{&quot;aperture&quot;:&quot;0&quot;,&quot;credit&quot;:&quot;&quot;,&quot;camera&quot;:&quot;&quot;,&quot;caption&quot;:&quot;&quot;,&quot;created_timestamp&quot;:&quot;0&quot;,&quot;copyright&quot;:&quot;&quot;,&quot;focal_length&quot;:&quot;0&quot;,&quot;iso&quot;:&quot;0&quot;,&quot;shutter_speed&quot;:&quot;0&quot;,&quot;title&quot;:&quot;&quot;,&quot;orientation&quot;:&quot;0&quot;}\" data-image-title=\"piano\" data-image-description=\"\" data-image-caption=\"\" data-medium-file=\"https:\/\/i0.wp.com\/paracambi.rj.gov.br\/sites\/villa-lobos\/wp-content\/uploads\/sites\/3\/2022\/03\/piano.jpg?fit=241%2C300&amp;ssl=1\" data-large-file=\"https:\/\/i0.wp.com\/paracambi.rj.gov.br\/sites\/villa-lobos\/wp-content\/uploads\/sites\/3\/2022\/03\/piano.jpg?fit=402%2C500&amp;ssl=1\" src=\"https:\/\/i0.wp.com\/paracambi.rj.gov.br\/sites\/villa-lobos\/wp-content\/uploads\/sites\/3\/2022\/03\/piano.jpg?resize=241%2C300&#038;ssl=1\" alt=\"\" class=\"wp-image-1222\" srcset=\"https:\/\/i0.wp.com\/paracambi.rj.gov.br\/sites\/villa-lobos\/wp-content\/uploads\/sites\/3\/2022\/03\/piano.jpg?resize=241%2C300&amp;ssl=1 241w, https:\/\/i0.wp.com\/paracambi.rj.gov.br\/sites\/villa-lobos\/wp-content\/uploads\/sites\/3\/2022\/03\/piano.jpg?w=402&amp;ssl=1 402w\" sizes=\"(max-width: 241px) 100vw, 241px\" \/><\/figure>\n\n\n\n<p class=\"has-text-align-justify\" style=\"font-size:16px\">Piano, \u00e9 um instrumento musical de cordas percussivas, segundo o sistema de classifica\u00e7\u00e3o de Hornbostel-Sachs. Para a produ\u00e7\u00e3o do som, cada tecla (pe\u00e7a de madeira), ao ser percutida, aciona um \u00fanico martelo (pe\u00e7a de madeira recoberta por material macio, geralmente o feltro) que, ent\u00e3o, toca nas cordas esticadas e presas numa estrutura r\u00edgida de madeira ou de metal. As cordas percutidas vibram e produzem o som, que \u00e9 amplificado pela grande caixa de resson\u00e2ncia. <\/p>\n\n\n\n<p class=\"has-text-align-justify\" style=\"font-size:16px\">O piano, o clavic\u00f3rdio e o cravo, embora sejam instrumentos de cordas percutidas, diferem quanto ao mecanismo de produ\u00e7\u00e3o de som. Em um cravo, as cordas s\u00e3o beliscadas. Em um clavic\u00f3rdio, as cordas s\u00e3o percutidas por martelos que permanecem em contato com a corda. No piano, o martelo se afasta da corda imediatamente ap\u00f3s ser tocada, deixando-a vibrar livremente. Teve a sua primeira refer\u00eancia publicada em 1711, no &#8220;Giornale dei Litterati d&#8217;Italia&#8221; por motivo da sua apresenta\u00e7\u00e3o em Floren\u00e7a pelo seu inventor Bartolomeo Cristofori.<\/p>\n\n\n\n<p class=\"has-text-align-justify\" style=\"font-size:16px\">A partir desse momento, segue-se uma s\u00e9rie de aperfei\u00e7oamentos at\u00e9 chegar ao piano atual. A ess\u00eancia da nova inven\u00e7\u00e3o residia na possibilidade de dar diferentes intensidades aos sons (algo inexistente no cravo e bastante limitado no pequeno clavic\u00f3rdio) e, por isso, recebeu o nome de pianoforte (que vai do pian\u00edssimo ao fort\u00edssimo) e, mais tarde, reduzido apenas para piano. Tais possibilidades de matizes sonoras acabaram por orientar a prefer\u00eancia dos compositores face ao clavicembalo.<\/p>\n\n\n\n<p class=\"has-text-align-justify\" style=\"font-size:16px\">Os pianos modernos, embora n\u00e3o se diferenciem dos mais antigos no que se refere aos tons, trazem novos formatos est\u00e9ticos e de materiais que comp\u00f5em o instrumento. Um piano comum tem, geralmente, oito l\u00e1s, oito sis bem\u00f3is, oito sis, oito d\u00f3s, sete d\u00f3s sustenidos, sete r\u00e9s, sete mis bem\u00f3is, sete mis, sete f\u00e1s, sete f\u00e1s sustenidos, sete s\u00f3is e sete s\u00f3is sustenidos, formando um total de 88 notas musicais.<\/p>\n\n\n\n<p class=\"has-text-align-justify\" style=\"font-size:16px\">Se for um de 97 notas musicais, do tipo B\u00f6sendorfer 290, ele ter\u00e1 nove d\u00f3s, oito d\u00f3s sustenidos, oito r\u00e9s, oito mis bem\u00f3is, oito mis, oito f\u00e1s, oito f\u00e1s sustenidos, oito s\u00f3is, oito s\u00f3is sustenidos, oito l\u00e1s, oito sis bem\u00f3is e oito sis. O piano \u00e9 amplamente utilizado na m\u00fasica ocidental, no jazz, para a performance solo e para acompanhamento. \u00c9 tamb\u00e9m muito popular como um aux\u00edlio para a composi\u00e7\u00e3o. Embora n\u00e3o seja port\u00e1til e tenha um alto pre\u00e7o, o piano \u00e9 um instrumento vers\u00e1til, uma das caracter\u00edsticas que o tornou um dos instrumentos musicais mais conhecidos pelo mundo.<\/p>\n\n\n\n<p class=\"has-text-align-right\"><a href=\"https:\/\/paracambi.rj.gov.br\/sites\/villa-lobos\/guitarra\/\">Voltar<\/a> <a href=\"https:\/\/paracambi.rj.gov.br\/sites\/villa-lobos\/saxofone\/\">Pr\u00f3ximo<\/a><\/p>\n","protected":false},"excerpt":{"rendered":"<p>Piano, \u00e9 um instrumento musical de cordas percussivas, segundo o sistema de classifica\u00e7\u00e3o de Hornbostel-Sachs. Para a produ\u00e7\u00e3o do som,<\/p>\n","protected":false},"author":3,"featured_media":0,"parent":0,"menu_order":0,"comment_status":"closed","ping_status":"closed","template":"","meta":{"colormag_page_container_layout":"default_layout","colormag_page_sidebar_layout":"default_layout","footnotes":""},"class_list":["post-378","page","type-page","status-publish","hentry"],"_links":{"self":[{"href":"https:\/\/paracambi.rj.gov.br\/sites\/villa-lobos\/wp-json\/wp\/v2\/pages\/378","targetHints":{"allow":["GET"]}}],"collection":[{"href":"https:\/\/paracambi.rj.gov.br\/sites\/villa-lobos\/wp-json\/wp\/v2\/pages"}],"about":[{"href":"https:\/\/paracambi.rj.gov.br\/sites\/villa-lobos\/wp-json\/wp\/v2\/types\/page"}],"author":[{"embeddable":true,"href":"https:\/\/paracambi.rj.gov.br\/sites\/villa-lobos\/wp-json\/wp\/v2\/users\/3"}],"replies":[{"embeddable":true,"href":"https:\/\/paracambi.rj.gov.br\/sites\/villa-lobos\/wp-json\/wp\/v2\/comments?post=378"}],"version-history":[{"count":6,"href":"https:\/\/paracambi.rj.gov.br\/sites\/villa-lobos\/wp-json\/wp\/v2\/pages\/378\/revisions"}],"predecessor-version":[{"id":1323,"href":"https:\/\/paracambi.rj.gov.br\/sites\/villa-lobos\/wp-json\/wp\/v2\/pages\/378\/revisions\/1323"}],"wp:attachment":[{"href":"https:\/\/paracambi.rj.gov.br\/sites\/villa-lobos\/wp-json\/wp\/v2\/media?parent=378"}],"curies":[{"name":"wp","href":"https:\/\/api.w.org\/{rel}","templated":true}]}}