{"id":379,"date":"2022-02-15T10:36:31","date_gmt":"2022-02-15T13:36:31","guid":{"rendered":"https:\/\/paracambi.rj.gov.br\/sites\/villa-lobos\/?page_id=379"},"modified":"2022-03-29T07:47:08","modified_gmt":"2022-03-29T10:47:08","slug":"saxofone","status":"publish","type":"page","link":"https:\/\/paracambi.rj.gov.br\/sites\/villa-lobos\/saxofone\/","title":{"rendered":"Saxofone"},"content":{"rendered":"\n<figure class=\"wp-block-image size-medium\"><img data-recalc-dims=\"1\" fetchpriority=\"high\" decoding=\"async\" width=\"300\" height=\"248\" data-attachment-id=\"1225\" data-permalink=\"https:\/\/paracambi.rj.gov.br\/sites\/villa-lobos\/saxofone\/saxofone-2\/\" data-orig-file=\"https:\/\/i0.wp.com\/paracambi.rj.gov.br\/sites\/villa-lobos\/wp-content\/uploads\/sites\/3\/2022\/03\/Saxofone.jpg?fit=590%2C487&amp;ssl=1\" data-orig-size=\"590,487\" data-comments-opened=\"1\" data-image-meta=\"{&quot;aperture&quot;:&quot;0&quot;,&quot;credit&quot;:&quot;&quot;,&quot;camera&quot;:&quot;&quot;,&quot;caption&quot;:&quot;&quot;,&quot;created_timestamp&quot;:&quot;0&quot;,&quot;copyright&quot;:&quot;&quot;,&quot;focal_length&quot;:&quot;0&quot;,&quot;iso&quot;:&quot;0&quot;,&quot;shutter_speed&quot;:&quot;0&quot;,&quot;title&quot;:&quot;&quot;,&quot;orientation&quot;:&quot;0&quot;}\" data-image-title=\"Saxofone\" data-image-description=\"\" data-image-caption=\"\" data-medium-file=\"https:\/\/i0.wp.com\/paracambi.rj.gov.br\/sites\/villa-lobos\/wp-content\/uploads\/sites\/3\/2022\/03\/Saxofone.jpg?fit=300%2C248&amp;ssl=1\" data-large-file=\"https:\/\/i0.wp.com\/paracambi.rj.gov.br\/sites\/villa-lobos\/wp-content\/uploads\/sites\/3\/2022\/03\/Saxofone.jpg?fit=590%2C487&amp;ssl=1\" src=\"https:\/\/i0.wp.com\/paracambi.rj.gov.br\/sites\/villa-lobos\/wp-content\/uploads\/sites\/3\/2022\/03\/Saxofone.jpg?resize=300%2C248&#038;ssl=1\" alt=\"\" class=\"wp-image-1225\" srcset=\"https:\/\/i0.wp.com\/paracambi.rj.gov.br\/sites\/villa-lobos\/wp-content\/uploads\/sites\/3\/2022\/03\/Saxofone.jpg?resize=300%2C248&amp;ssl=1 300w, https:\/\/i0.wp.com\/paracambi.rj.gov.br\/sites\/villa-lobos\/wp-content\/uploads\/sites\/3\/2022\/03\/Saxofone.jpg?w=590&amp;ssl=1 590w\" sizes=\"(max-width: 300px) 100vw, 300px\" \/><\/figure>\n\n\n\n<p class=\"has-text-align-justify\" style=\"font-size:16px\">Saxofone, tamb\u00e9m conhecido popularmente como sax, \u00e9 um instrumento de sopro patenteado em 1846 pelo belga Adolphe Sax, um respeitado fabricante de instrumentos, que viveu na Fran\u00e7a no s\u00e9culo XIX. Os saxofones s\u00e3o instrumentos transpositores, ou seja, a nota escrita n\u00e3o \u00e9 a mesma nota que ouvimos (som real ou nota de efeito). A maior parte dos saxofones s\u00e3o em Si\u266d (como o saxofone tenor) ou em Mi\u266d (como o saxofone alto e o bar\u00edtono). O soprano \u00e9 normalmente em Si\u266d.<\/p>\n\n\n\n<p class=\"has-text-align-justify\" style=\"font-size:16px\">Ao contr\u00e1rio de muitos dos modos de instrumentos tradicionais, que para chegar aos seus formatos atuais foram evolu\u00eddos de instrumentos mais antigos, dos quais muitas vezes n\u00e3o se conhece o inventor, o saxofone foi um instrumento deliberadamente inventado. Seu inventor foi o belga Antoine Joseph Sax, mais conhecido pela alcunha de Adolphe Sax. Filho de um fabricante de instrumentos musicais, Adolphe Sax aos 25 anos foi morar em Paris, onde come\u00e7ou a trabalhar no projeto de novos instrumentos. Ao adaptar uma boquilha semelhante \u00e0 do clarinete a um oficleide, Sax teve a ideia de criar o saxofone. A data exata da cria\u00e7\u00e3o do instrumento foi em 28 de junho de 1841.<\/p>\n\n\n\n<p class=\"has-text-align-justify\" style=\"font-size:16px\">Ao longo do tempo, diversas modifica\u00e7\u00f5es foram feitas, como a chave de registro autom\u00e1tica, introduzida no in\u00edcio do s\u00e9culo XX em substitui\u00e7\u00e3o \u00e0s duas chaves de registro que deveriam ser alternadas manualmente pelo instrumentista. Entretanto, as caracter\u00edsticas gerais do instrumento permanecem as mesmas dos originais criados por Adolphe Sax.<\/p>\n\n\n\n<p class=\"has-text-align-justify\" style=\"font-size:16px\">O saxofone \u00e9 um instrumento fabricado em metal, geralmente lat\u00e3o, com chaves, numa mec\u00e2nica semelhante \u00e0 do clarinete e \u00e0 da flauta. \u00c9 composto basicamente por um tubo c\u00f4nico, com cerca de 26 orif\u00edcios que t\u00eam as aberturas controladas por cerca de 23 chaves vedadas com sapatilhas feitas de couro e uma boquilha que pode ser de metal ou de resina, na qual se acopla uma palheta de bambu ou de material sint\u00e9tico.<\/p>\n\n\n\n<p class=\"has-text-align-right\"><a href=\"https:\/\/paracambi.rj.gov.br\/sites\/villa-lobos\/piano\/\">Voltar<\/a> <a href=\"https:\/\/paracambi.rj.gov.br\/sites\/villa-lobos\/teclado\/\">Pr\u00f3ximo<\/a><\/p>\n","protected":false},"excerpt":{"rendered":"<p>Saxofone, tamb\u00e9m conhecido popularmente como sax, \u00e9 um instrumento de sopro patenteado em 1846 pelo belga Adolphe Sax, um respeitado<\/p>\n","protected":false},"author":3,"featured_media":0,"parent":0,"menu_order":0,"comment_status":"closed","ping_status":"closed","template":"","meta":{"colormag_page_container_layout":"default_layout","colormag_page_sidebar_layout":"default_layout","footnotes":""},"class_list":["post-379","page","type-page","status-publish","hentry"],"_links":{"self":[{"href":"https:\/\/paracambi.rj.gov.br\/sites\/villa-lobos\/wp-json\/wp\/v2\/pages\/379","targetHints":{"allow":["GET"]}}],"collection":[{"href":"https:\/\/paracambi.rj.gov.br\/sites\/villa-lobos\/wp-json\/wp\/v2\/pages"}],"about":[{"href":"https:\/\/paracambi.rj.gov.br\/sites\/villa-lobos\/wp-json\/wp\/v2\/types\/page"}],"author":[{"embeddable":true,"href":"https:\/\/paracambi.rj.gov.br\/sites\/villa-lobos\/wp-json\/wp\/v2\/users\/3"}],"replies":[{"embeddable":true,"href":"https:\/\/paracambi.rj.gov.br\/sites\/villa-lobos\/wp-json\/wp\/v2\/comments?post=379"}],"version-history":[{"count":4,"href":"https:\/\/paracambi.rj.gov.br\/sites\/villa-lobos\/wp-json\/wp\/v2\/pages\/379\/revisions"}],"predecessor-version":[{"id":1324,"href":"https:\/\/paracambi.rj.gov.br\/sites\/villa-lobos\/wp-json\/wp\/v2\/pages\/379\/revisions\/1324"}],"wp:attachment":[{"href":"https:\/\/paracambi.rj.gov.br\/sites\/villa-lobos\/wp-json\/wp\/v2\/media?parent=379"}],"curies":[{"name":"wp","href":"https:\/\/api.w.org\/{rel}","templated":true}]}}