{"id":382,"date":"2022-02-15T10:36:32","date_gmt":"2022-02-15T13:36:32","guid":{"rendered":"https:\/\/paracambi.rj.gov.br\/sites\/villa-lobos\/?page_id=382"},"modified":"2022-03-29T07:51:07","modified_gmt":"2022-03-29T10:51:07","slug":"trompete","status":"publish","type":"page","link":"https:\/\/paracambi.rj.gov.br\/sites\/villa-lobos\/trompete\/","title":{"rendered":"Trompete"},"content":{"rendered":"\n<figure class=\"wp-block-image size-medium\"><img data-recalc-dims=\"1\" fetchpriority=\"high\" decoding=\"async\" width=\"300\" height=\"300\" data-attachment-id=\"1235\" data-permalink=\"https:\/\/paracambi.rj.gov.br\/sites\/villa-lobos\/trompete\/trompete-2\/\" data-orig-file=\"https:\/\/i0.wp.com\/paracambi.rj.gov.br\/sites\/villa-lobos\/wp-content\/uploads\/sites\/3\/2022\/03\/Trompete.webp?fit=500%2C500&amp;ssl=1\" data-orig-size=\"500,500\" data-comments-opened=\"1\" data-image-meta=\"{&quot;aperture&quot;:&quot;0&quot;,&quot;credit&quot;:&quot;&quot;,&quot;camera&quot;:&quot;&quot;,&quot;caption&quot;:&quot;&quot;,&quot;created_timestamp&quot;:&quot;0&quot;,&quot;copyright&quot;:&quot;&quot;,&quot;focal_length&quot;:&quot;0&quot;,&quot;iso&quot;:&quot;0&quot;,&quot;shutter_speed&quot;:&quot;0&quot;,&quot;title&quot;:&quot;&quot;,&quot;orientation&quot;:&quot;0&quot;}\" data-image-title=\"Trompete\" data-image-description=\"\" data-image-caption=\"\" data-medium-file=\"https:\/\/i0.wp.com\/paracambi.rj.gov.br\/sites\/villa-lobos\/wp-content\/uploads\/sites\/3\/2022\/03\/Trompete.webp?fit=300%2C300&amp;ssl=1\" data-large-file=\"https:\/\/i0.wp.com\/paracambi.rj.gov.br\/sites\/villa-lobos\/wp-content\/uploads\/sites\/3\/2022\/03\/Trompete.webp?fit=500%2C500&amp;ssl=1\" src=\"https:\/\/i0.wp.com\/paracambi.rj.gov.br\/sites\/villa-lobos\/wp-content\/uploads\/sites\/3\/2022\/03\/Trompete.webp?resize=300%2C300&#038;ssl=1\" alt=\"\" class=\"wp-image-1235\" srcset=\"https:\/\/i0.wp.com\/paracambi.rj.gov.br\/sites\/villa-lobos\/wp-content\/uploads\/sites\/3\/2022\/03\/Trompete.webp?resize=300%2C300&amp;ssl=1 300w, https:\/\/i0.wp.com\/paracambi.rj.gov.br\/sites\/villa-lobos\/wp-content\/uploads\/sites\/3\/2022\/03\/Trompete.webp?resize=150%2C150&amp;ssl=1 150w, https:\/\/i0.wp.com\/paracambi.rj.gov.br\/sites\/villa-lobos\/wp-content\/uploads\/sites\/3\/2022\/03\/Trompete.webp?w=500&amp;ssl=1 500w\" sizes=\"(max-width: 300px) 100vw, 300px\" \/><\/figure>\n\n\n\n<p class=\"has-text-align-justify\" style=\"font-size:16px\">O trompete \u00e9 um instrumento musical de sopro, da fam\u00edlia dos metais (o trompete \u00e9 o que produz o som mais agudo da fam\u00edlia), caracterizado por instrumentos de bocal, geralmente fabricados de metal. Tamb\u00e9m faz parte o pist\u00e3o (pistom, por meton\u00edmia) \u00e9 o s\u00edtio onde os trompetistas carregam para fazer um derivado de sons com o mesmo. Quem toca o trompete \u00e9 chamado de trompetista. O trompete \u00e9 constitu\u00eddo por corpo, chave de \u00e1gua, bomba de afina\u00e7\u00e3o, pist\u00f5es, cotovelos e bocal.<\/p>\n\n\n\n<p class=\"has-text-align-justify\" style=\"font-size:16px\">\u00c9 utilizado em diversos g\u00eaneros musicais, sendo muito comumente encontrado na m\u00fasica cl\u00e1ssica, no jazz, bandas marciais e nos mariachis. Tamb\u00e9m \u00e9 encontrado em estilos mais acelerados, como o frevo, o ska e latinos como o mambo e a salsa, bem como no Maracatu Rural, da zona da mata do norte de Pernambuco, o trompete tem as notas mais agudas na fam\u00edlia dos metais e um papel preponderante na orquestra, possui um conjunto de v\u00e1lvulas e pist\u00f5es que lhe permitem tocar sequ\u00eancias extremamente r\u00e1pidas e virtuosas mas tamb\u00e9m uma melodia l\u00edrica e rom\u00e2ntica acompanhada pelos restantes instrumentos.<\/p>\n\n\n\n<p class=\"has-text-align-justify\" style=\"font-size:16px\">Dos instrumentos musicais, depois da voz humana, pode-se dizer que o trompete \u00e9 um dos instrumentos mais antigos. Ele nasceu da necessidade que os pastores tinham para conduzir os seus rebanhos e para assustar animais pr\u00e9-hist\u00f3ricos. Eram ainda usados \u00e0 maneira de um megafone, para fins m\u00e1gicos ou rituais: cantava-se ou gritava-se para dentro do tubo para afastar os maus esp\u00edritos. Nessa \u00e9poca ele n\u00e3o tinha afina\u00e7\u00e3o ou escala, e eram feitos a partir de tubos de cana, bambu, madeira ou osso e at\u00e9 conchas. Mais tarde, os romanos e outros povos constru\u00edram-no de metal para ser utilizado para fins militares.<\/p>\n\n\n\n<p class=\"has-text-align-justify\" style=\"font-size:16px\">Seus toques comunicavam as ordens para o ex\u00e9rcito agir em combate. Embora os trompetes sejam instrumentos de tubo essencialmente cil\u00edndrico, h\u00e1 trompetes extra europeus (por exemplo, as do antigo Egito) que s\u00e3o nitidamente c\u00f4nicos. A partir da Idade do Bronze os trompetes passaram a ser usadas sobretudo para fins marciais. Na Idade M\u00e9dia os trompetes eram sempre feitas de lat\u00e3o, usando-se tamb\u00e9m outros metais, marfim e cornos de animais. No entanto, tinham uma embocadura j\u00e1 semelhante \u00e0 dos instrumentos atuais: um bocal em forma de ta\u00e7a. Este bocal era muitas vezes parte integrante do instrumento e n\u00e3o uma pe\u00e7a separada, como acontece atualmente.<\/p>\n\n\n\n<p class=\"has-text-align-right\"><a href=\"https:\/\/paracambi.rj.gov.br\/sites\/villa-lobos\/trombone\/\">Voltar<\/a> <a href=\"https:\/\/paracambi.rj.gov.br\/sites\/villa-lobos\/violao\/\">Pr\u00f3ximo<\/a><\/p>\n","protected":false},"excerpt":{"rendered":"<p>O trompete \u00e9 um instrumento musical de sopro, da fam\u00edlia dos metais (o trompete \u00e9 o que produz o som<\/p>\n","protected":false},"author":3,"featured_media":0,"parent":0,"menu_order":0,"comment_status":"closed","ping_status":"closed","template":"","meta":{"colormag_page_container_layout":"default_layout","colormag_page_sidebar_layout":"default_layout","footnotes":""},"class_list":["post-382","page","type-page","status-publish","hentry"],"_links":{"self":[{"href":"https:\/\/paracambi.rj.gov.br\/sites\/villa-lobos\/wp-json\/wp\/v2\/pages\/382","targetHints":{"allow":["GET"]}}],"collection":[{"href":"https:\/\/paracambi.rj.gov.br\/sites\/villa-lobos\/wp-json\/wp\/v2\/pages"}],"about":[{"href":"https:\/\/paracambi.rj.gov.br\/sites\/villa-lobos\/wp-json\/wp\/v2\/types\/page"}],"author":[{"embeddable":true,"href":"https:\/\/paracambi.rj.gov.br\/sites\/villa-lobos\/wp-json\/wp\/v2\/users\/3"}],"replies":[{"embeddable":true,"href":"https:\/\/paracambi.rj.gov.br\/sites\/villa-lobos\/wp-json\/wp\/v2\/comments?post=382"}],"version-history":[{"count":5,"href":"https:\/\/paracambi.rj.gov.br\/sites\/villa-lobos\/wp-json\/wp\/v2\/pages\/382\/revisions"}],"predecessor-version":[{"id":1328,"href":"https:\/\/paracambi.rj.gov.br\/sites\/villa-lobos\/wp-json\/wp\/v2\/pages\/382\/revisions\/1328"}],"wp:attachment":[{"href":"https:\/\/paracambi.rj.gov.br\/sites\/villa-lobos\/wp-json\/wp\/v2\/media?parent=382"}],"curies":[{"name":"wp","href":"https:\/\/api.w.org\/{rel}","templated":true}]}}