{"id":66,"date":"2022-02-10T09:38:43","date_gmt":"2022-02-10T12:38:43","guid":{"rendered":"https:\/\/paracambi.rj.gov.br\/sites\/villa-lobos\/?page_id=66"},"modified":"2022-04-07T08:56:52","modified_gmt":"2022-04-07T11:56:52","slug":"atila-de-carvalho","status":"publish","type":"page","link":"https:\/\/paracambi.rj.gov.br\/sites\/villa-lobos\/atila-de-carvalho\/","title":{"rendered":"\u00c1tila de Carvalho"},"content":{"rendered":"\n<figure class=\"wp-block-image size-medium is-style-default\"><img data-recalc-dims=\"1\" fetchpriority=\"high\" decoding=\"async\" width=\"300\" height=\"300\" data-attachment-id=\"1496\" data-permalink=\"https:\/\/paracambi.rj.gov.br\/sites\/villa-lobos\/atila-de-carvalho\/atila-de-carvalho-2\/\" data-orig-file=\"https:\/\/i0.wp.com\/paracambi.rj.gov.br\/sites\/villa-lobos\/wp-content\/uploads\/sites\/3\/2022\/04\/Atila-de-Carvalho.jpg?fit=640%2C640&amp;ssl=1\" data-orig-size=\"640,640\" data-comments-opened=\"1\" data-image-meta=\"{&quot;aperture&quot;:&quot;0&quot;,&quot;credit&quot;:&quot;&quot;,&quot;camera&quot;:&quot;&quot;,&quot;caption&quot;:&quot;&quot;,&quot;created_timestamp&quot;:&quot;0&quot;,&quot;copyright&quot;:&quot;&quot;,&quot;focal_length&quot;:&quot;0&quot;,&quot;iso&quot;:&quot;0&quot;,&quot;shutter_speed&quot;:&quot;0&quot;,&quot;title&quot;:&quot;&quot;,&quot;orientation&quot;:&quot;0&quot;}\" data-image-title=\"Atila-de-Carvalho\" data-image-description=\"\" data-image-caption=\"\" data-medium-file=\"https:\/\/i0.wp.com\/paracambi.rj.gov.br\/sites\/villa-lobos\/wp-content\/uploads\/sites\/3\/2022\/04\/Atila-de-Carvalho.jpg?fit=300%2C300&amp;ssl=1\" data-large-file=\"https:\/\/i0.wp.com\/paracambi.rj.gov.br\/sites\/villa-lobos\/wp-content\/uploads\/sites\/3\/2022\/04\/Atila-de-Carvalho.jpg?fit=640%2C640&amp;ssl=1\" src=\"https:\/\/i0.wp.com\/paracambi.rj.gov.br\/sites\/villa-lobos\/wp-content\/uploads\/sites\/3\/2022\/04\/Atila-de-Carvalho.jpg?resize=300%2C300&#038;ssl=1\" alt=\"\" class=\"wp-image-1496\" srcset=\"https:\/\/i0.wp.com\/paracambi.rj.gov.br\/sites\/villa-lobos\/wp-content\/uploads\/sites\/3\/2022\/04\/Atila-de-Carvalho.jpg?resize=300%2C300&amp;ssl=1 300w, https:\/\/i0.wp.com\/paracambi.rj.gov.br\/sites\/villa-lobos\/wp-content\/uploads\/sites\/3\/2022\/04\/Atila-de-Carvalho.jpg?resize=150%2C150&amp;ssl=1 150w, https:\/\/i0.wp.com\/paracambi.rj.gov.br\/sites\/villa-lobos\/wp-content\/uploads\/sites\/3\/2022\/04\/Atila-de-Carvalho.jpg?w=640&amp;ssl=1 640w\" sizes=\"(max-width: 300px) 100vw, 300px\" \/><\/figure>\n\n\n\n<p class=\"has-text-align-justify\" style=\"font-size:16px\">Natural de Paracambi, RJ \u2013 08\/03\/1982, \u00e9 compositor de obras sinf\u00f4nicas e populares, e de trilhas sonoras para TV, Cinema e Teatro, tem obra estreada pela Orquestra Sinf\u00f4nica Brasileira e obra estreada no celebre Teatro Municipal do Rio de Janeiro. \u00c9 o compositor do Hino do Artes\u00e3o e do Hino da Comunidade Solid\u00e1ria. Cofundador da Escola de M\u00fasica Villa-Lobos, Polo de Paracambi. De 2002 at\u00e9 o momento, j\u00e1 ocupou os cargos de Coordena\u00e7\u00e3o e Dire\u00e7\u00e3o, al\u00e9m de lecionar as disciplinas de viol\u00e3o, guitarra, harmonia e estrutura\u00e7\u00e3o musical.<\/p>\n\n\n\n<p class=\"has-text-align-justify\" style=\"font-size:16px\">\u00c9 o fundador da Serra do Mar \u2013 M\u00fasica, onde formou uma orquestra de m\u00fasicos da regi\u00e3o, uma produtora de eventos e um est\u00fadio de grava\u00e7\u00e3o de \u00e1udio e v\u00eddeo. Concertista de viol\u00e3o cl\u00e1ssico, j\u00e1 se apresentou em diversos pa\u00edses da Am\u00e9rica e Europa, sempre com o compromisso com a tradi\u00e7\u00e3o do viol\u00e3o brasileiro e com a nova m\u00fasica proposta pelos atuais compositores daqui.<\/p>\n\n\n\n<p class=\"has-text-align-right\"><a href=\"https:\/\/paracambi.rj.gov.br\/sites\/villa-lobos\/bibiana-capato\/\">Pr\u00f3ximo<\/a><\/p>\n","protected":false},"excerpt":{"rendered":"<p>Natural de Paracambi, RJ \u2013 08\/03\/1982, \u00e9 compositor de obras sinf\u00f4nicas e populares, e de trilhas sonoras para TV, Cinema<\/p>\n","protected":false},"author":3,"featured_media":0,"parent":0,"menu_order":0,"comment_status":"closed","ping_status":"closed","template":"","meta":{"colormag_page_container_layout":"default_layout","colormag_page_sidebar_layout":"default_layout","footnotes":""},"class_list":["post-66","page","type-page","status-publish","hentry"],"_links":{"self":[{"href":"https:\/\/paracambi.rj.gov.br\/sites\/villa-lobos\/wp-json\/wp\/v2\/pages\/66","targetHints":{"allow":["GET"]}}],"collection":[{"href":"https:\/\/paracambi.rj.gov.br\/sites\/villa-lobos\/wp-json\/wp\/v2\/pages"}],"about":[{"href":"https:\/\/paracambi.rj.gov.br\/sites\/villa-lobos\/wp-json\/wp\/v2\/types\/page"}],"author":[{"embeddable":true,"href":"https:\/\/paracambi.rj.gov.br\/sites\/villa-lobos\/wp-json\/wp\/v2\/users\/3"}],"replies":[{"embeddable":true,"href":"https:\/\/paracambi.rj.gov.br\/sites\/villa-lobos\/wp-json\/wp\/v2\/comments?post=66"}],"version-history":[{"count":12,"href":"https:\/\/paracambi.rj.gov.br\/sites\/villa-lobos\/wp-json\/wp\/v2\/pages\/66\/revisions"}],"predecessor-version":[{"id":1539,"href":"https:\/\/paracambi.rj.gov.br\/sites\/villa-lobos\/wp-json\/wp\/v2\/pages\/66\/revisions\/1539"}],"wp:attachment":[{"href":"https:\/\/paracambi.rj.gov.br\/sites\/villa-lobos\/wp-json\/wp\/v2\/media?parent=66"}],"curies":[{"name":"wp","href":"https:\/\/api.w.org\/{rel}","templated":true}]}}