{"id":68,"date":"2022-02-10T09:38:43","date_gmt":"2022-02-10T12:38:43","guid":{"rendered":"https:\/\/paracambi.rj.gov.br\/sites\/villa-lobos\/?page_id=68"},"modified":"2022-03-29T09:38:47","modified_gmt":"2022-03-29T12:38:47","slug":"renato-silveira","status":"publish","type":"page","link":"https:\/\/paracambi.rj.gov.br\/sites\/villa-lobos\/renato-silveira\/","title":{"rendered":"Renato Silveira"},"content":{"rendered":"\n<figure class=\"wp-block-image size-medium\"><img data-recalc-dims=\"1\" fetchpriority=\"high\" decoding=\"async\" width=\"248\" height=\"300\" data-attachment-id=\"932\" data-permalink=\"https:\/\/paracambi.rj.gov.br\/sites\/villa-lobos\/renato-silveira\/renato-silveira-1\/\" data-orig-file=\"https:\/\/i0.wp.com\/paracambi.rj.gov.br\/sites\/villa-lobos\/wp-content\/uploads\/sites\/3\/2022\/02\/Renato-Silveira-1.jpg?fit=718%2C867&amp;ssl=1\" data-orig-size=\"718,867\" data-comments-opened=\"1\" data-image-meta=\"{&quot;aperture&quot;:&quot;0&quot;,&quot;credit&quot;:&quot;&quot;,&quot;camera&quot;:&quot;&quot;,&quot;caption&quot;:&quot;&quot;,&quot;created_timestamp&quot;:&quot;0&quot;,&quot;copyright&quot;:&quot;&quot;,&quot;focal_length&quot;:&quot;0&quot;,&quot;iso&quot;:&quot;0&quot;,&quot;shutter_speed&quot;:&quot;0&quot;,&quot;title&quot;:&quot;&quot;,&quot;orientation&quot;:&quot;1&quot;}\" data-image-title=\"Renato-Silveira-1\" data-image-description=\"\" data-image-caption=\"\" data-medium-file=\"https:\/\/i0.wp.com\/paracambi.rj.gov.br\/sites\/villa-lobos\/wp-content\/uploads\/sites\/3\/2022\/02\/Renato-Silveira-1.jpg?fit=248%2C300&amp;ssl=1\" data-large-file=\"https:\/\/i0.wp.com\/paracambi.rj.gov.br\/sites\/villa-lobos\/wp-content\/uploads\/sites\/3\/2022\/02\/Renato-Silveira-1.jpg?fit=718%2C867&amp;ssl=1\" src=\"https:\/\/i0.wp.com\/paracambi.rj.gov.br\/sites\/villa-lobos\/wp-content\/uploads\/sites\/3\/2022\/02\/Renato-Silveira-1.jpg?resize=248%2C300&#038;ssl=1\" alt=\"\" class=\"wp-image-932\" srcset=\"https:\/\/i0.wp.com\/paracambi.rj.gov.br\/sites\/villa-lobos\/wp-content\/uploads\/sites\/3\/2022\/02\/Renato-Silveira-1.jpg?resize=248%2C300&amp;ssl=1 248w, https:\/\/i0.wp.com\/paracambi.rj.gov.br\/sites\/villa-lobos\/wp-content\/uploads\/sites\/3\/2022\/02\/Renato-Silveira-1.jpg?w=718&amp;ssl=1 718w\" sizes=\"(max-width: 248px) 100vw, 248px\" \/><\/figure>\n\n\n\n<p class=\"has-text-align-justify\">Renato Silveira \u00e9 professor de Saxofone, Clarineta, Flauta, Percep\u00e7\u00e3o e Pratica de Conjunto da Escola de M\u00fasica Nogueira do Trombone desde 2017. Licenciando em M\u00fasica pelo CBM-CEU &#8211; Conservat\u00f3rio Brasileiro de M\u00fasica e T\u00e9cnico em Clarineta pela Escola de M\u00fasica Villa-Lobos sede,\u00a0 atuou como saxofonista no grupo Fogo no P\u00e9, Pique Novo, fez participa\u00e7\u00f5es na banda Copa7, participou do lan\u00e7amento de show do interprete de samba Wantuir da Grande Rio e integrou a Banda do cantor Dom Luiz Rasta. Integrou o corpo t\u00e9cnico da FFABERJ &#8211; Federa\u00e7\u00e3o de Fanfarras e Bandas do Estado do Rio de Janeiro.<\/p>\n\n\n\n<p class=\"has-text-align-justify\">Atua com educa\u00e7\u00e3o musical e instrumental h\u00e1 mais de vinte anos, tendo trabalhado nas seguintes institui\u00e7\u00f5es como professor de m\u00fasica: Escola Kadosh, Som Brasil, Som Maior, Quinta Aumentada, Escola Municipal Monteiro Lobato e na Escola Municipal Marechal Mascarenhas de Moraes. Estudou com os professores Danilo Sinna, Josu\u00e9 Lopes e Elias Borges.<\/p>\n\n\n\n<p class=\"has-text-align-right\"><a href=\"https:\/\/paracambi.rj.gov.br\/sites\/villa-lobos\/rafael-souza\/\">Voltar<\/a>  <a href=\"https:\/\/paracambi.rj.gov.br\/sites\/villa-lobos\/robson-holyfield\/\">Pr\u00f3ximo<\/a><\/p>\n","protected":false},"excerpt":{"rendered":"<p>Renato Silveira \u00e9 professor de Saxofone, Clarineta, Flauta, Percep\u00e7\u00e3o e Pratica de Conjunto da Escola de M\u00fasica Nogueira do Trombone<\/p>\n","protected":false},"author":3,"featured_media":0,"parent":0,"menu_order":0,"comment_status":"closed","ping_status":"closed","template":"","meta":{"colormag_page_container_layout":"default_layout","colormag_page_sidebar_layout":"default_layout","footnotes":""},"class_list":["post-68","page","type-page","status-publish","hentry"],"_links":{"self":[{"href":"https:\/\/paracambi.rj.gov.br\/sites\/villa-lobos\/wp-json\/wp\/v2\/pages\/68","targetHints":{"allow":["GET"]}}],"collection":[{"href":"https:\/\/paracambi.rj.gov.br\/sites\/villa-lobos\/wp-json\/wp\/v2\/pages"}],"about":[{"href":"https:\/\/paracambi.rj.gov.br\/sites\/villa-lobos\/wp-json\/wp\/v2\/types\/page"}],"author":[{"embeddable":true,"href":"https:\/\/paracambi.rj.gov.br\/sites\/villa-lobos\/wp-json\/wp\/v2\/users\/3"}],"replies":[{"embeddable":true,"href":"https:\/\/paracambi.rj.gov.br\/sites\/villa-lobos\/wp-json\/wp\/v2\/comments?post=68"}],"version-history":[{"count":6,"href":"https:\/\/paracambi.rj.gov.br\/sites\/villa-lobos\/wp-json\/wp\/v2\/pages\/68\/revisions"}],"predecessor-version":[{"id":1343,"href":"https:\/\/paracambi.rj.gov.br\/sites\/villa-lobos\/wp-json\/wp\/v2\/pages\/68\/revisions\/1343"}],"wp:attachment":[{"href":"https:\/\/paracambi.rj.gov.br\/sites\/villa-lobos\/wp-json\/wp\/v2\/media?parent=68"}],"curies":[{"name":"wp","href":"https:\/\/api.w.org\/{rel}","templated":true}]}}